{"id":371,"date":"2021-03-13T10:39:06","date_gmt":"2021-03-13T09:39:06","guid":{"rendered":"http:\/\/idm314.es\/?page_id=371"},"modified":"2022-03-16T23:23:03","modified_gmt":"2022-03-16T22:23:03","slug":"grabaciones-actividades","status":"publish","type":"page","link":"https:\/\/2022.idm314.es\/index.php\/grabaciones-actividades\/","title":{"rendered":"Grabaciones actividades"},"content":{"rendered":"\n<div class=\"wp-block-cover alignfull has-background-dim\" style=\"background-image:url(http:\/\/idm314.es\/wp-content\/uploads\/2021\/03\/lens-826308_640.jpg);min-height:200px\"><div class=\"wp-block-cover__inner-container\">\n<p class=\"has-text-align-left has-large-font-size\"><strong>Grabaciones actividades<\/strong><\/p>\n<\/div><\/div>\n\n\n\n<h3><strong>Lunes, 7 de marzo<\/strong><\/h3>\n\n\n\n<p><strong>10:00 Conferencia \u201cBuscando detectives matem\u00e1ticos para la accesibilidad en lugares p\u00fablicos\u00bb<\/strong><br>Lorenzo J. Blanco Nieto. Catedr\u00e1tico de Universidad de Did\u00e1ctica de la Matem\u00e1tica. Universidad de Extremadura. <\/p>\n\n\n\n<figure class=\"wp-block-embed-youtube wp-block-embed is-type-video is-provider-youtube wp-embed-aspect-16-9 wp-has-aspect-ratio\"><div class=\"wp-block-embed__wrapper\">\n<div class=\"nv-iframe-embed\"><iframe title=\"Buscando detectives matem\u00e1ticos para la accesibilidad en lugares p\u00fablicos\" width=\"1200\" height=\"675\" src=\"https:\/\/www.youtube.com\/embed\/2okc2cr88Pc?feature=oembed\" frameborder=\"0\" allow=\"accelerometer; autoplay; clipboard-write; encrypted-media; gyroscope; picture-in-picture\" allowfullscreen><\/iframe><\/div>\n<\/div><\/figure>\n\n\n\n<p><strong>12:00 \u201cMatem\u00e1ticas sorprendentes\u201d<\/strong>Rafael Ram\u00edrez Ucl\u00e9s. Universidad de Granada. <\/p>\n\n\n\n<figure class=\"wp-block-embed-youtube wp-block-embed is-type-video is-provider-youtube wp-embed-aspect-16-9 wp-has-aspect-ratio\"><div class=\"wp-block-embed__wrapper\">\n<div class=\"nv-iframe-embed\"><iframe title=\"Matem\u00e1ticas sorprendentes. Rafael Ram\u00edrez\" width=\"1200\" height=\"675\" src=\"https:\/\/www.youtube.com\/embed\/hNl4eikZFPo?start=10&#038;feature=oembed\" frameborder=\"0\" allow=\"accelerometer; autoplay; clipboard-write; encrypted-media; gyroscope; picture-in-picture\" allowfullscreen><\/iframe><\/div>\n<\/div><\/figure>\n\n\n\n<h3><strong>Martes, 8 de marzo<\/strong><\/h3>\n\n\n\n<p><strong>10:00 \u201cEn situaci\u00f3n&#8230; gr\u00e1fica\u201d<\/strong>Luis Maya y Ana Caballero. Universidad de Extremadura<\/p>\n\n\n\n<figure class=\"wp-block-embed-youtube wp-block-embed is-type-video is-provider-youtube wp-embed-aspect-16-9 wp-has-aspect-ratio\"><div class=\"wp-block-embed__wrapper\">\n<div class=\"nv-iframe-embed\"><iframe title=\"En situaci\u00f3n\u2026 gr\u00e1fica. Luis Maya y Ana Caballero\" width=\"1200\" height=\"675\" src=\"https:\/\/www.youtube.com\/embed\/qkPIwF33Qfg?feature=oembed\" frameborder=\"0\" allow=\"accelerometer; autoplay; clipboard-write; encrypted-media; gyroscope; picture-in-picture\" allowfullscreen><\/iframe><\/div>\n<\/div><\/figure>\n\n\n\n<p><strong>12:00 \u201cPero profe, \u00bfa mi esto para qu\u00e9 me sirve?\u201d<\/strong>Victor Manero. Universidad de Zaragoza. <\/p>\n\n\n\n<figure class=\"wp-block-embed-youtube wp-block-embed is-type-video is-provider-youtube wp-embed-aspect-16-9 wp-has-aspect-ratio\"><div class=\"wp-block-embed__wrapper\">\n<div class=\"nv-iframe-embed\"><iframe title=\"Pero profe, \u00bfa mi esto para qu\u00e9 me sirve?\" width=\"1200\" height=\"675\" src=\"https:\/\/www.youtube.com\/embed\/8elHyPhcSgQ?feature=oembed\" frameborder=\"0\" allow=\"accelerometer; autoplay; clipboard-write; encrypted-media; gyroscope; picture-in-picture\" allowfullscreen><\/iframe><\/div>\n<\/div><\/figure>\n\n\n\n<h3><strong>Mi\u00e9rcoles, 9 de marzo<\/strong><\/h3>\n\n\n\n<p><strong>10:00 \u201cDame un problema y &#8230; \u00a1mover\u00e9 el mundo!\u201d<\/strong>Julio Mulero Gonz\u00e1lez. Universidad de Alicante <\/p>\n\n\n\n<figure class=\"wp-block-embed-youtube wp-block-embed is-type-video is-provider-youtube wp-embed-aspect-16-9 wp-has-aspect-ratio\"><div class=\"wp-block-embed__wrapper\">\n<div class=\"nv-iframe-embed\"><iframe title=\"Dame un problema y \u2026 \u00a1mover\u00e9 el mundo! Julio Mulero Gonz\u00e1lez\" width=\"1200\" height=\"675\" src=\"https:\/\/www.youtube.com\/embed\/-Ut2JAGKd3I?feature=oembed\" frameborder=\"0\" allow=\"accelerometer; autoplay; clipboard-write; encrypted-media; gyroscope; picture-in-picture\" allowfullscreen><\/iframe><\/div>\n<\/div><\/figure>\n\n\n\n<p><strong>12:00 \u201cTeselaciones con GeoGebra: belleza sin fronteras\u201c<\/strong>Alejandro Gallardo. Colegio Rafaela Ybarra, Madrid. <\/p>\n\n\n\n<figure class=\"wp-block-embed-youtube wp-block-embed is-type-video is-provider-youtube wp-embed-aspect-16-9 wp-has-aspect-ratio\"><div class=\"wp-block-embed__wrapper\">\n<div class=\"nv-iframe-embed\"><iframe title=\"Teselaciones con GeoGebra: belleza sin fronteras Alejandro Gallardo\" width=\"1200\" height=\"675\" src=\"https:\/\/www.youtube.com\/embed\/akKe49D294A?feature=oembed\" frameborder=\"0\" allow=\"accelerometer; autoplay; clipboard-write; encrypted-media; gyroscope; picture-in-picture\" allowfullscreen><\/iframe><\/div>\n<\/div><\/figure>\n\n\n\n<h3><strong>Jueves, 10 de marzo<\/strong><\/h3>\n\n\n\n<p><strong>10:00 \u201cIlusionismo y matem\u00e1tica recreativa\u201d<\/strong>Alejandro Garc\u00eda Gonz\u00e1lez. IES Az-Zait de Ja\u00e9n <\/p>\n\n\n\n<figure class=\"wp-block-embed-youtube wp-block-embed is-type-video is-provider-youtube wp-embed-aspect-16-9 wp-has-aspect-ratio\"><div class=\"wp-block-embed__wrapper\">\n<div class=\"nv-iframe-embed\"><iframe title=\"Ilusionismo y matem\u00e1tica recreativa. Alejandro Garc\u00eda Gonz\u00e1lez\" width=\"1200\" height=\"675\" src=\"https:\/\/www.youtube.com\/embed\/oD0W0HUnhrE?feature=oembed\" frameborder=\"0\" allow=\"accelerometer; autoplay; clipboard-write; encrypted-media; gyroscope; picture-in-picture\" allowfullscreen><\/iframe><\/div>\n<\/div><\/figure>\n\n\n\n<p><strong>12:00 \u201cMathCityMap: una App para hacer matem\u00e1ticas en la calle\u201d<\/strong>Beatriz Blanco Otano, IES Eugenio Frutos (Guare\u00f1a, Badajoz) y Claudia L\u00e1zaro del Pozo, Consejer\u00eda de Educaci\u00f3n y Formaci\u00f3n Profesional de Cantabria. <\/p>\n\n\n\n<figure class=\"wp-block-embed-youtube wp-block-embed is-type-video is-provider-youtube wp-embed-aspect-16-9 wp-has-aspect-ratio\"><div class=\"wp-block-embed__wrapper\">\n<div class=\"nv-iframe-embed\"><iframe title=\"MathCityMap: una App para hacer matem\u00e1ticas en la calle\" width=\"1200\" height=\"675\" src=\"https:\/\/www.youtube.com\/embed\/onTbSc8JfEw?feature=oembed\" frameborder=\"0\" allow=\"accelerometer; autoplay; clipboard-write; encrypted-media; gyroscope; picture-in-picture\" allowfullscreen><\/iframe><\/div>\n<\/div><\/figure>\n\n\n\n<h3><strong>Viernes, 11 de marzo<\/strong><\/h3>\n\n\n\n<p><strong>11:00 \u201c\u00a1Tijeras arriba, esto es una construcci\u00f3n!\u201d<\/strong>Mar\u00eda Garc\u00eda Monera. Universidad de Valencia. <\/p>\n\n\n\n<figure class=\"wp-block-embed-youtube wp-block-embed is-type-video is-provider-youtube wp-embed-aspect-16-9 wp-has-aspect-ratio\"><div class=\"wp-block-embed__wrapper\">\n<div class=\"nv-iframe-embed\"><iframe title=\"\u00a1Tijeras arriba, esto es una construcci\u00f3n! Mar\u00eda Garc\u00eda Monera\" width=\"1200\" height=\"675\" src=\"https:\/\/www.youtube.com\/embed\/ALkECEx2jwc?feature=oembed\" frameborder=\"0\" allow=\"accelerometer; autoplay; clipboard-write; encrypted-media; gyroscope; picture-in-picture\" allowfullscreen><\/iframe><\/div>\n<\/div><\/figure>\n\n\n\n<p><strong>12:00 \u201cModelos para nuestra sociedad. C\u00f3mo las matem\u00e1ticas nos ayudan a entender y gestionar el mundo\u201d<\/strong>Daniel Ramos. IMAGINARY \/ Centre de Recerca Matem\u00e0tica. <\/p>\n\n\n\n<figure class=\"wp-block-embed-youtube wp-block-embed is-type-video is-provider-youtube wp-embed-aspect-4-3 wp-has-aspect-ratio\"><div class=\"wp-block-embed__wrapper\">\n<div class=\"nv-iframe-embed\"><iframe title=\"Modelos para nuestra sociedad. C\u00f3mo las matem\u00e1ticas nos ayudan a entender y gestionar el mundo\" width=\"1200\" height=\"900\" src=\"https:\/\/www.youtube.com\/embed\/6tuov2EObxU?feature=oembed\" frameborder=\"0\" allow=\"accelerometer; autoplay; clipboard-write; encrypted-media; gyroscope; picture-in-picture\" allowfullscreen><\/iframe><\/div>\n<\/div><\/figure>\n\n\n\n<h2>Acto de clausura IDM 2022<\/h2>\n\n\n\n<h4>Todo comenz\u00f3 con PI. Mariano Real<\/h4>\n\n\n\n<figure class=\"wp-block-embed-youtube wp-block-embed is-type-video is-provider-youtube wp-embed-aspect-16-9 wp-has-aspect-ratio\"><div class=\"wp-block-embed__wrapper\">\n<div class=\"nv-iframe-embed\"><iframe title=\"Todo Comenz\u00f3 con PI. Mariano Real\" width=\"1200\" height=\"675\" src=\"https:\/\/www.youtube.com\/embed\/sDQWaKhQFxY?feature=oembed\" frameborder=\"0\" allow=\"accelerometer; autoplay; clipboard-write; encrypted-media; gyroscope; picture-in-picture\" allowfullscreen><\/iframe><\/div>\n<\/div><\/figure>\n\n\n\n<h4>FotoGebra. Karina Rizzo<\/h4>\n\n\n\n<figure class=\"wp-block-embed-youtube wp-block-embed is-type-video is-provider-youtube wp-embed-aspect-16-9 wp-has-aspect-ratio\"><div class=\"wp-block-embed__wrapper\">\n<div class=\"nv-iframe-embed\"><iframe title=\"FotoGebra. Karina Rizzo\" width=\"1200\" height=\"675\" src=\"https:\/\/www.youtube.com\/embed\/giiGV9bTMwM?feature=oembed\" frameborder=\"0\" allow=\"accelerometer; autoplay; clipboard-write; encrypted-media; gyroscope; picture-in-picture\" allowfullscreen><\/iframe><\/div>\n<\/div><\/figure>\n\n\n\n<h4>MathCityMap y MILAGE LEARN+. Claudia L\u00e1zaro del Pozo<\/h4>\n\n\n\n<figure class=\"wp-block-embed-youtube wp-block-embed is-type-video is-provider-youtube wp-embed-aspect-16-9 wp-has-aspect-ratio\"><div class=\"wp-block-embed__wrapper\">\n<div class=\"nv-iframe-embed\"><iframe title=\"MathCityMap y MILAGE LEARN+. Claudia L\u00e1zaro del Pozo\" width=\"1200\" height=\"675\" src=\"https:\/\/www.youtube.com\/embed\/B_qgwS-jjQA?feature=oembed\" frameborder=\"0\" allow=\"accelerometer; autoplay; clipboard-write; encrypted-media; gyroscope; picture-in-picture\" allowfullscreen><\/iframe><\/div>\n<\/div><\/figure>\n\n\n\n<h4>Problemas y m\u00e1s problemas. Francisco Haro Laguardia<\/h4>\n\n\n\n<figure class=\"wp-block-embed-youtube wp-block-embed is-type-video is-provider-youtube wp-embed-aspect-16-9 wp-has-aspect-ratio\"><div class=\"wp-block-embed__wrapper\">\n<div class=\"nv-iframe-embed\"><iframe title=\"Problemas y m\u00e1s problemas. Francisco Haro Laguardia\" width=\"1200\" height=\"675\" src=\"https:\/\/www.youtube.com\/embed\/daWV2KRj058?feature=oembed\" frameborder=\"0\" allow=\"accelerometer; autoplay; clipboard-write; encrypted-media; gyroscope; picture-in-picture\" allowfullscreen><\/iframe><\/div>\n<\/div><\/figure>\n","protected":false},"excerpt":{"rendered":"<p>Lunes, 7 de marzo 10:00 Conferencia \u201cBuscando detectives matem\u00e1ticos para la accesibilidad en lugares p\u00fablicos\u00bbLorenzo J. Blanco Nieto. Catedr\u00e1tico de Universidad de Did\u00e1ctica de la Matem\u00e1tica. Universidad de Extremadura. 12:00 \u201cMatem\u00e1ticas sorprendentes\u201dRafael Ram\u00edrez Ucl\u00e9s. Universidad de Granada. Martes, 8 de marzo 10:00 \u201cEn situaci\u00f3n&#8230; gr\u00e1fica\u201dLuis Maya y Ana Caballero. Universidad de Extremadura 12:00 \u201cPero profe,&hellip;&nbsp;<a href=\"https:\/\/2022.idm314.es\/index.php\/grabaciones-actividades\/\" class=\"\" rel=\"bookmark\">Leer m\u00e1s &raquo;<span class=\"screen-reader-text\">Grabaciones actividades<\/span><\/a><\/p>\n","protected":false},"author":2,"featured_media":0,"parent":0,"menu_order":0,"comment_status":"closed","ping_status":"closed","template":"","meta":{"neve_meta_sidebar":"full-width","neve_meta_container":"","neve_meta_enable_content_width":"on","neve_meta_content_width":100,"neve_meta_title_alignment":"","neve_meta_author_avatar":"","neve_post_elements_order":"","neve_meta_disable_header":"","neve_meta_disable_footer":"","neve_meta_disable_title":"on"},"_links":{"self":[{"href":"https:\/\/2022.idm314.es\/index.php\/wp-json\/wp\/v2\/pages\/371"}],"collection":[{"href":"https:\/\/2022.idm314.es\/index.php\/wp-json\/wp\/v2\/pages"}],"about":[{"href":"https:\/\/2022.idm314.es\/index.php\/wp-json\/wp\/v2\/types\/page"}],"author":[{"embeddable":true,"href":"https:\/\/2022.idm314.es\/index.php\/wp-json\/wp\/v2\/users\/2"}],"replies":[{"embeddable":true,"href":"https:\/\/2022.idm314.es\/index.php\/wp-json\/wp\/v2\/comments?post=371"}],"version-history":[{"count":4,"href":"https:\/\/2022.idm314.es\/index.php\/wp-json\/wp\/v2\/pages\/371\/revisions"}],"predecessor-version":[{"id":451,"href":"https:\/\/2022.idm314.es\/index.php\/wp-json\/wp\/v2\/pages\/371\/revisions\/451"}],"wp:attachment":[{"href":"https:\/\/2022.idm314.es\/index.php\/wp-json\/wp\/v2\/media?parent=371"}],"curies":[{"name":"wp","href":"https:\/\/api.w.org\/{rel}","templated":true}]}}