{"id":419,"date":"2022-02-15T20:20:29","date_gmt":"2022-02-15T19:20:29","guid":{"rendered":"http:\/\/idm314.es\/?page_id=419"},"modified":"2022-02-16T15:45:51","modified_gmt":"2022-02-16T14:45:51","slug":"conferencias-y-talleres","status":"publish","type":"page","link":"https:\/\/2022.idm314.es\/index.php\/conferencias-y-talleres\/","title":{"rendered":"Conferencias y talleres"},"content":{"rendered":"\n<div class=\"wp-block-cover alignfull has-background-dim\" style=\"background-image:url(https:\/\/idm314.es\/wp-content\/uploads\/2022\/02\/workshops-3527974_1280.jpg);background-position:53% 59%;min-height:200px\"><div class=\"wp-block-cover__inner-container\">\n<p class=\"has-text-align-left has-large-font-size\"><strong>Conferencias y talleres<\/strong><\/p>\n<\/div><\/div>\n\n\n\n<div style=\"height:30px\" aria-hidden=\"true\" class=\"wp-block-spacer\"><\/div>\n\n\n\n<p>El objetivo de este programa de conferencias y talleres es promover que el profesorado conecte su aula para participar en directo con su alumnado.<br>Todas las actividades se realizar\u00e1n de forma virtual a trav\u00e9s del enlace:<\/p>\n\n\n\n<p><a rel=\"noreferrer noopener\" href=\"https:\/\/us06web.zoom.us\/j\/87225808532\" target=\"_blank\">https:\/\/us06web.zoom.us\/j\/87225808532<\/a><\/p>\n\n\n\n<h3>Lunes, 7 de marzo<\/h3>\n\n\n\n<p><strong>10:00 Conferencia \u201cBuscando detectives matem\u00e1ticos para la accesibilidad en lugares p\u00fablicos\u00bb<\/strong><br>Lorenzo J. Blanco Nieto. Catedr\u00e1tico de Universidad de Did\u00e1ctica de la Matem\u00e1tica. Universidad de Extremadura.<\/p>\n\n\n\n<p><strong>12:00 \u201cMatem\u00e1ticas sorprendentes\u201d<br><\/strong>Rafael Ram\u00edrez Ucl\u00e9s. Universidad de Granada.<\/p>\n\n\n\n<h3>Martes, 8 de marzo<\/h3>\n\n\n\n<p><strong>10:00 \u201cEn situaci\u00f3n\u2026 gr\u00e1fica\u201d<br><\/strong>Luis Maya y Ana Caballero. Universidad de Extremadura<\/p>\n\n\n\n<p><strong>12:00 \u201cPero profe, \u00bfa mi esto para qu\u00e9 me sirve?\u201d<br><\/strong>Victor Manero. Universidad de Zaragoza.<\/p>\n\n\n\n<h3>Mi\u00e9rcoles, 9 de marzo<\/h3>\n\n\n\n<p><strong>10:00 \u201cDame un problema y \u2026 \u00a1mover\u00e9 el mundo!\u201d<br><\/strong>Julio Mulero Gonz\u00e1lez. Universidad de Alicante<\/p>\n\n\n\n<p><strong>12:00 \u201cTeselaciones con Geogebra: belleza sin fronteras\u201c<br><\/strong>Alejandro Gallardo. Colegio Rafaela Ybarra, Madrid.<\/p>\n\n\n\n<h3>Jueves, 10 de marzo<\/h3>\n\n\n\n<p><strong>10:00 \u201cIlusionismo y matem\u00e1tica recreativa\u201d<br><\/strong>Alejandro Garc\u00eda Gonz\u00e1lez. IES Az-Zait de Ja\u00e9n<\/p>\n\n\n\n<p><strong>12:00 \u201cMathCityMap: una App para hacer matem\u00e1ticas en la calle\u201d<br><\/strong>Beatriz Blanco Otano, IES Eugenio Frutos (Guare\u00f1a, Badajoz) y Claudia L\u00e1zaro del Pozo, Consejer\u00eda de Educaci\u00f3n y Formaci\u00f3n Profesional de Cantabria.<\/p>\n\n\n\n<h3>Viernes, 11 de marzo<\/h3>\n\n\n\n<p><strong>11:00 \u201c\u00a1Tijeras arriba, esto es una construcci\u00f3n!\u201d<br><\/strong>Mar\u00eda Garc\u00eda Monera. Universidad de Valencia.<\/p>\n\n\n\n<p><strong>12:00 \u201cModelos para nuestra sociedad. C\u00f3mo las matem\u00e1ticas nos ayudan a entender y gestionar el mundo\u201d<br><\/strong>Daniel Ramos. IMAGINARY \/ Centre de Recerca Matem\u00e0tica.<\/p>\n\n\n\n<h3>Lunes, 14 de marzo. D\u00eda Internacional de las Matem\u00e1ticas<\/h3>\n\n\n\n<p><strong>10:00. Don Benito (Badajoz)<br>Acto entrega de premios concursos convocados para el alumnado y el profesorado<\/strong><\/p>\n\n\n<p>[vc_row][vc_column][vc_column_text]<\/p>\n<h2><span style=\"color: #008080;\">Organizadores<\/span><\/h2>\n<p>[\/vc_column_text][\/vc_column][\/vc_row]<\/p>\n\n\n<p>[vc_row][vc_column width=\u00bb1\/4&#8243;][vc_column_text]<a href=\"https:\/\/fespm.es\" target=\"_blank\" rel=\"noopener noreferrer\"><img loading=\"lazy\" class=\"alignnone wp-image-93 size-full\" src=\"http:\/\/idm314.es\/wp-content\/uploads\/2019\/12\/images.png\" alt=\"\" width=\"313\" height=\"161\" srcset=\"https:\/\/2022.idm314.es\/wp-content\/uploads\/2019\/12\/images.png 313w, https:\/\/2022.idm314.es\/wp-content\/uploads\/2019\/12\/images-300x154.png 300w\" sizes=\"(max-width: 313px) 100vw, 313px\" \/><\/a>[\/vc_column_text][\/vc_column][vc_column width=\u00bb1\/4&#8243;][vc_column_text]<a href=\"https:\/\/rsme.es\" target=\"_blank\" rel=\"noopener noreferrer\"><img loading=\"lazy\" class=\"alignnone wp-image-402 size-full\" src=\"http:\/\/idm314.es\/wp-content\/uploads\/2021\/12\/RSME.jpg\" alt=\"\" width=\"140\" height=\"140\" \/><\/a>[\/vc_column_text][\/vc_column][vc_column width=\u00bb1\/4&#8243;][vc_column_text]<a href=\"https:\/\/www.seiem.es\/\" target=\"_blank\" rel=\"noopener noreferrer\"><img loading=\"lazy\" class=\"alignnone wp-image-401 size-full\" src=\"http:\/\/idm314.es\/wp-content\/uploads\/2021\/12\/Logo-SEIEM.jpg\" alt=\"\" width=\"140\" height=\"140\" \/><\/a>[\/vc_column_text][\/vc_column][vc_column width=\u00bb1\/4&#8243;][vc_column_text]<a href=\"https:\/\/www.cdmat.es\/\" target=\"_blank\" rel=\"noopener noreferrer\"><img loading=\"lazy\" class=\"alignnone wp-image-403 size-full\" src=\"http:\/\/idm314.es\/wp-content\/uploads\/2021\/12\/logoCDM.jpg\" alt=\"\" width=\"223\" height=\"194\" \/><\/a>[\/vc_column_text][\/vc_column][\/vc_row]<\/p>\n\n\n<p>[vc_row][vc_column][vc_column_text]<\/span><\/p>\n<h2><span style=\"color: #008080;\">Colaboradores<\/span><\/h2>\n<p>[\/vc_column_text][\/vc_column][\/vc_row]<\/p>\n\n\n<p>[vc_row][vc_column width=\u00bb1\/4&#8243;][vc_column_text]<a href=\"https:\/\/www.donbenito.es\/\" target=\"_blank\" rel=\"noopener noreferrer\"><img loading=\"lazy\" class=\"alignnone wp-image-306 size-medium\" src=\"http:\/\/idm314.fespm.es\/wp-content\/uploads\/2020\/11\/AyuntamientodeDonBenito-300x207.png\" alt=\"\" width=\"300\" height=\"207\" srcset=\"https:\/\/2022.idm314.es\/wp-content\/uploads\/2020\/11\/AyuntamientodeDonBenito-300x207.png 300w, https:\/\/2022.idm314.es\/wp-content\/uploads\/2020\/11\/AyuntamientodeDonBenito.png 512w\" sizes=\"(max-width: 300px) 100vw, 300px\" \/><\/a>[\/vc_column_text][\/vc_column][vc_column width=\u00bb1\/4&#8243;][vc_column_text]<a href=\"https:\/\/www.divisioneducativa.es\/\" target=\"_blank\" rel=\"noopener noreferrer\"><img loading=\"lazy\" class=\"alignnone wp-image-347\" src=\"http:\/\/idm314.es\/wp-content\/uploads\/2021\/01\/logo-casio-division-educativa-ogp.png\" alt=\"\" width=\"321\" height=\"321\" srcset=\"https:\/\/2022.idm314.es\/wp-content\/uploads\/2021\/01\/logo-casio-division-educativa-ogp.png 450w, https:\/\/2022.idm314.es\/wp-content\/uploads\/2021\/01\/logo-casio-division-educativa-ogp-300x300.png 300w, https:\/\/2022.idm314.es\/wp-content\/uploads\/2021\/01\/logo-casio-division-educativa-ogp-150x150.png 150w\" sizes=\"(max-width: 321px) 100vw, 321px\" \/><\/a>[\/vc_column_text][\/vc_column][vc_column width=\u00bb1\/4&#8243;][vc_column_text]<a href=\"http:\/\/venturareyesprosper.educarex.es\/\" target=\"_blank\" rel=\"noopener noreferrer\"><img loading=\"lazy\" class=\"alignnone wp-image-301 size-full\" src=\"http:\/\/idm314.fespm.es\/wp-content\/uploads\/2020\/11\/LogoSEEM.png\" alt=\"\" width=\"300\" height=\"126\" \/><\/a>[\/vc_column_text][\/vc_column][vc_column width=\u00bb1\/4&#8243;][vc_column_text]<img loading=\"lazy\" class=\"alignnone wp-image-426 size-full\" src=\"http:\/\/idm314.es\/wp-content\/uploads\/2022\/02\/sociedad_catalana_matematicas.png\" alt=\"\" width=\"119\" height=\"120\" \/>[\/vc_column_text][\/vc_column][\/vc_row]<\/p>\n","protected":false},"excerpt":{"rendered":"<p>El objetivo de este programa de conferencias y talleres es promover que el profesorado conecte su aula para participar en directo con su alumnado.Todas las actividades se realizar\u00e1n de forma virtual a trav\u00e9s del enlace: https:\/\/us06web.zoom.us\/j\/87225808532 Lunes, 7 de marzo 10:00 Conferencia \u201cBuscando detectives matem\u00e1ticos para la accesibilidad en lugares p\u00fablicos\u00bbLorenzo J. Blanco Nieto. Catedr\u00e1tico&hellip;&nbsp;<a href=\"https:\/\/2022.idm314.es\/index.php\/conferencias-y-talleres\/\" class=\"\" rel=\"bookmark\">Leer m\u00e1s &raquo;<span class=\"screen-reader-text\">Conferencias y talleres<\/span><\/a><\/p>\n","protected":false},"author":2,"featured_media":0,"parent":0,"menu_order":0,"comment_status":"closed","ping_status":"closed","template":"","meta":{"neve_meta_sidebar":"full-width","neve_meta_container":"","neve_meta_enable_content_width":"on","neve_meta_content_width":100,"neve_meta_title_alignment":"","neve_meta_author_avatar":"","neve_post_elements_order":"","neve_meta_disable_header":"","neve_meta_disable_footer":"","neve_meta_disable_title":"on"},"_links":{"self":[{"href":"https:\/\/2022.idm314.es\/index.php\/wp-json\/wp\/v2\/pages\/419"}],"collection":[{"href":"https:\/\/2022.idm314.es\/index.php\/wp-json\/wp\/v2\/pages"}],"about":[{"href":"https:\/\/2022.idm314.es\/index.php\/wp-json\/wp\/v2\/types\/page"}],"author":[{"embeddable":true,"href":"https:\/\/2022.idm314.es\/index.php\/wp-json\/wp\/v2\/users\/2"}],"replies":[{"embeddable":true,"href":"https:\/\/2022.idm314.es\/index.php\/wp-json\/wp\/v2\/comments?post=419"}],"version-history":[{"count":4,"href":"https:\/\/2022.idm314.es\/index.php\/wp-json\/wp\/v2\/pages\/419\/revisions"}],"predecessor-version":[{"id":429,"href":"https:\/\/2022.idm314.es\/index.php\/wp-json\/wp\/v2\/pages\/419\/revisions\/429"}],"wp:attachment":[{"href":"https:\/\/2022.idm314.es\/index.php\/wp-json\/wp\/v2\/media?parent=419"}],"curies":[{"name":"wp","href":"https:\/\/api.w.org\/{rel}","templated":true}]}}