{"id":431,"date":"2022-02-21T22:29:19","date_gmt":"2022-02-21T21:29:19","guid":{"rendered":"http:\/\/idm314.es\/?page_id=431"},"modified":"2022-03-03T20:04:38","modified_gmt":"2022-03-03T19:04:38","slug":"acto-de-clausura","status":"publish","type":"page","link":"https:\/\/2022.idm314.es\/index.php\/acto-de-clausura\/","title":{"rendered":"Acto de Clausura"},"content":{"rendered":"\r\n<div class=\"wp-block-cover alignfull has-background-dim\" style=\"background-image: url('http:\/\/idm314.es\/wp-content\/uploads\/2019\/12\/stock-photo-composition-of-circuit-board-texture-human-profile-and-technological-elements-suitable-as-a-147775994.jpg'); min-height: 130px;\">\r\n<div class=\"wp-block-cover__inner-container\">\r\n<p class=\"has-text-align-left has-large-font-size\"><strong>Acto de clausura<\/strong><\/p>\r\n<\/div>\r\n<\/div>\r\n\r\n\r\n\r\n<div class=\"wp-block-spacer\" style=\"height: 30px;\" aria-hidden=\"true\">\u00a0<\/div>\r\n\r\n\r\n\r\n<h3>ACTO DE CLAUSURA 14 de marzo de 2022<\/h3>\r\n\r\n\r\n\r\n<p><strong>Sal\u00f3n de actos de la Instituci\u00f3n Ferial de Don Benito &#8211; FEVAL<\/strong><\/p>\r\n\r\n\r\n\r\n<p>El acto de clausura del IDM 2022 se celebrar\u00e1 de acuerdo con el programa y horario siguientes:<\/p>\r\n\r\n\r\n\r\n<ul>\r\n<li>10:00 Inauguraci\u00f3n de la Jornada.<\/li>\r\n<li>10:30 Conferencia a cargo de Mariano Real con el t\u00edtulo \u201cTodo Comenz\u00f3 con PI\u201d<\/li>\r\n<li>11:15 Descanso.<\/li>\r\n<li>11:45 \u201cProyectos para unir a trav\u00e9s de las matem\u00e1ticas\u201d\r\n<ul>\r\n<li>FotoGebra. Karina Rizzo. Argentina.<\/li>\r\n<li>MathCityMap y MILAGE LEARN+. Claudia L\u00e1zaro del Pozo. Espa\u00f1a<\/li>\r\n<li>Problemas y m\u00e1s problemas. Francisco Haro Laguardia. Espa\u00f1a. Moderador: Agust\u00edn Carrillo de Albornoz Torres.<\/li>\r\n<\/ul>\r\n<\/li>\r\n<li>12:30 Acto de entrega de premios de los concursos de comic, relatos, v\u00eddeos y material did\u00e1ctico.<\/li>\r\n<li>13:00 Finalizaci\u00f3n del acto.<\/li>\r\n<\/ul>\r\n\r\n\r\n\r\n<p>El acto se podr\u00e1 seguir de forma virtual a trav\u00e9s del enlace:<\/p>\r\n\r\n\r\n\r\n<p><a href=\"https:\/\/us06web.zoom.us\/j\/86961057345\" target=\"_blank\" rel=\"noreferrer noopener\"><strong>https:\/\/us06web.zoom.us\/j\/86961057345<\/strong><\/a><\/p>\r\n\r\n\r\n<p>[vc_row][vc_column][vc_column_text]<\/p>\n<h2><span style=\"color: #008080;\">Organizadores<\/span><\/h2>\n<p>[\/vc_column_text][\/vc_column][\/vc_row]<\/p>\n\r\n\r\n<p>[vc_row][vc_column width=\u00bb1\/4&#8243;][vc_column_text]<a href=\"https:\/\/fespm.es\" target=\"_blank\" rel=\"noopener noreferrer\"><img loading=\"lazy\" class=\"alignnone wp-image-93 size-full\" src=\"http:\/\/idm314.es\/wp-content\/uploads\/2019\/12\/images.png\" alt=\"\" width=\"313\" height=\"161\" srcset=\"https:\/\/2022.idm314.es\/wp-content\/uploads\/2019\/12\/images.png 313w, https:\/\/2022.idm314.es\/wp-content\/uploads\/2019\/12\/images-300x154.png 300w\" sizes=\"(max-width: 313px) 100vw, 313px\" \/><\/a>[\/vc_column_text][\/vc_column][vc_column width=\u00bb1\/4&#8243;][vc_column_text]<a href=\"https:\/\/rsme.es\" target=\"_blank\" rel=\"noopener noreferrer\"><img loading=\"lazy\" class=\"alignnone wp-image-402 size-full\" src=\"http:\/\/idm314.es\/wp-content\/uploads\/2021\/12\/RSME.jpg\" alt=\"\" width=\"140\" height=\"140\" \/><\/a>[\/vc_column_text][\/vc_column][vc_column width=\u00bb1\/4&#8243;][vc_column_text]<a href=\"https:\/\/www.seiem.es\/\" target=\"_blank\" rel=\"noopener noreferrer\"><img loading=\"lazy\" class=\"alignnone wp-image-401 size-full\" src=\"http:\/\/idm314.es\/wp-content\/uploads\/2021\/12\/Logo-SEIEM.jpg\" alt=\"\" width=\"140\" height=\"140\" \/><\/a>[\/vc_column_text][\/vc_column][vc_column width=\u00bb1\/4&#8243;][vc_column_text]<a href=\"https:\/\/www.cdmat.es\/\" target=\"_blank\" rel=\"noopener noreferrer\"><img loading=\"lazy\" class=\"alignnone wp-image-403 size-full\" src=\"http:\/\/idm314.es\/wp-content\/uploads\/2021\/12\/logoCDM.jpg\" alt=\"\" width=\"223\" height=\"194\" \/><\/a>[\/vc_column_text][\/vc_column][\/vc_row]<\/p>\n\r\n\r\n<p>[vc_row][vc_column][vc_column_text]<\/p>\n<h2><span style=\"color: #008080;\">Colaboradores<\/span><\/h2>\n<p>[\/vc_column_text][\/vc_column][\/vc_row]<\/p>\n\r\n\r\n<p>[vc_row][vc_column width=\u00bb1\/4&#8243;][vc_column_text]<a href=\"https:\/\/www.donbenito.es\/\" target=\"_blank\" rel=\"noopener noreferrer\"><img loading=\"lazy\" class=\"alignnone wp-image-306 size-medium\" src=\"http:\/\/idm314.fespm.es\/wp-content\/uploads\/2020\/11\/AyuntamientodeDonBenito-300x207.png\" alt=\"\" width=\"300\" height=\"207\" srcset=\"https:\/\/2022.idm314.es\/wp-content\/uploads\/2020\/11\/AyuntamientodeDonBenito-300x207.png 300w, https:\/\/2022.idm314.es\/wp-content\/uploads\/2020\/11\/AyuntamientodeDonBenito.png 512w\" sizes=\"(max-width: 300px) 100vw, 300px\" \/><\/a>[\/vc_column_text][\/vc_column][vc_column width=\u00bb1\/4&#8243;][vc_column_text]<a href=\"https:\/\/www.divisioneducativa.es\/\" target=\"_blank\" rel=\"noopener noreferrer\"><img loading=\"lazy\" class=\"alignnone wp-image-347\" src=\"http:\/\/idm314.es\/wp-content\/uploads\/2021\/01\/logo-casio-division-educativa-ogp.png\" alt=\"\" width=\"321\" height=\"321\" srcset=\"https:\/\/2022.idm314.es\/wp-content\/uploads\/2021\/01\/logo-casio-division-educativa-ogp.png 450w, https:\/\/2022.idm314.es\/wp-content\/uploads\/2021\/01\/logo-casio-division-educativa-ogp-300x300.png 300w, https:\/\/2022.idm314.es\/wp-content\/uploads\/2021\/01\/logo-casio-division-educativa-ogp-150x150.png 150w\" sizes=\"(max-width: 321px) 100vw, 321px\" \/><\/a>[\/vc_column_text][\/vc_column][vc_column width=\u00bb1\/4&#8243;][vc_column_text]<a href=\"http:\/\/venturareyesprosper.educarex.es\/\" target=\"_blank\" rel=\"noopener noreferrer\"><img loading=\"lazy\" class=\"alignnone wp-image-301 size-full\" src=\"http:\/\/idm314.fespm.es\/wp-content\/uploads\/2020\/11\/LogoSEEM.png\" alt=\"\" width=\"300\" height=\"126\" \/><\/a>[\/vc_column_text][\/vc_column][vc_column width=\u00bb1\/4&#8243;][vc_column_text]<img loading=\"lazy\" class=\"alignnone wp-image-426 size-full\" src=\"http:\/\/idm314.es\/wp-content\/uploads\/2022\/02\/sociedad_catalana_matematicas.png\" alt=\"\" width=\"119\" height=\"120\" \/>[\/vc_column_text][\/vc_column][\/vc_row]<\/p>\n","protected":false},"excerpt":{"rendered":"<p>ACTO DE CLAUSURA 14 de marzo de 2022 Sal\u00f3n de actos de la Instituci\u00f3n Ferial de Don Benito &#8211; FEVAL El acto de clausura del IDM 2022 se celebrar\u00e1 de acuerdo con el programa y horario siguientes: 10:00 Inauguraci\u00f3n de la Jornada. 10:30 Conferencia a cargo de Mariano Real con el t\u00edtulo \u201cTodo Comenz\u00f3 con&hellip;&nbsp;<a href=\"https:\/\/2022.idm314.es\/index.php\/acto-de-clausura\/\" class=\"\" rel=\"bookmark\">Leer m\u00e1s &raquo;<span class=\"screen-reader-text\">Acto de Clausura<\/span><\/a><\/p>\n","protected":false},"author":2,"featured_media":0,"parent":0,"menu_order":0,"comment_status":"closed","ping_status":"closed","template":"","meta":{"neve_meta_sidebar":"full-width","neve_meta_container":"","neve_meta_enable_content_width":"on","neve_meta_content_width":100,"neve_meta_title_alignment":"","neve_meta_author_avatar":"","neve_post_elements_order":"","neve_meta_disable_header":"","neve_meta_disable_footer":"","neve_meta_disable_title":"on"},"_links":{"self":[{"href":"https:\/\/2022.idm314.es\/index.php\/wp-json\/wp\/v2\/pages\/431"}],"collection":[{"href":"https:\/\/2022.idm314.es\/index.php\/wp-json\/wp\/v2\/pages"}],"about":[{"href":"https:\/\/2022.idm314.es\/index.php\/wp-json\/wp\/v2\/types\/page"}],"author":[{"embeddable":true,"href":"https:\/\/2022.idm314.es\/index.php\/wp-json\/wp\/v2\/users\/2"}],"replies":[{"embeddable":true,"href":"https:\/\/2022.idm314.es\/index.php\/wp-json\/wp\/v2\/comments?post=431"}],"version-history":[{"count":5,"href":"https:\/\/2022.idm314.es\/index.php\/wp-json\/wp\/v2\/pages\/431\/revisions"}],"predecessor-version":[{"id":441,"href":"https:\/\/2022.idm314.es\/index.php\/wp-json\/wp\/v2\/pages\/431\/revisions\/441"}],"wp:attachment":[{"href":"https:\/\/2022.idm314.es\/index.php\/wp-json\/wp\/v2\/media?parent=431"}],"curies":[{"name":"wp","href":"https:\/\/api.w.org\/{rel}","templated":true}]}}